{"id":133,"date":"2024-08-01T18:33:34","date_gmt":"2024-08-01T18:33:34","guid":{"rendered":"https:\/\/educacaoempreendedora.com\/cieeci2025\/?page_id=133"},"modified":"2025-10-11T14:52:32","modified_gmt":"2025-10-11T17:52:32","slug":"comissao-cientifica","status":"publish","type":"page","link":"https:\/\/educacaoempreendedora.com\/cieeci2025\/comissao-cientifica\/","title":{"rendered":"Comiss\u00e3o Cient\u00edfica"},"content":{"rendered":"\t\t<div data-elementor-type=\"wp-page\" data-elementor-id=\"133\" class=\"elementor elementor-133\">\n\t\t\t\t<div class=\"elementor-element elementor-element-3d4d992 e-flex e-con-boxed wpr-particle-no wpr-jarallax-no wpr-parallax-no wpr-sticky-section-no wpr-equal-height-no e-con e-parent\" data-id=\"3d4d992\" data-element_type=\"container\" data-e-type=\"container\">\n\t\t\t\t\t<div class=\"e-con-inner\">\n\t\t<div class=\"elementor-element elementor-element-8e9f799 e-con-full e-flex wpr-particle-no wpr-jarallax-no wpr-parallax-no wpr-sticky-section-no wpr-equal-height-no e-con e-child\" data-id=\"8e9f799\" data-element_type=\"container\" data-e-type=\"container\">\n\t\t\t\t<\/div>\n\t\t<div class=\"elementor-element elementor-element-58aab90 e-con-full e-flex wpr-particle-no wpr-jarallax-no wpr-parallax-no wpr-sticky-section-no wpr-equal-height-no e-con e-child\" data-id=\"58aab90\" data-element_type=\"container\" data-e-type=\"container\">\n\t\t\t\t<div class=\"elementor-element elementor-element-6f87995 elementor-widget elementor-widget-text-editor\" data-id=\"6f87995\" data-element_type=\"widget\" data-e-type=\"widget\" data-widget_type=\"text-editor.default\">\n\t\t\t\t<div class=\"elementor-widget-container\">\n\t\t\t\t\t\t\t\t\t<h3 style=\"text-align: center;\">COMISS\u00c3O CIENT\u00cdFICA<\/h3><p><b><span data-contrast=\"none\">Presidente da Comiss\u00e3o Cient\u00edfica: Prof. Dr. Jacinto Jardim (Universidade Aberta)<\/span><span data-ccp-props=\"{&quot;134233117&quot;:true,&quot;134233118&quot;:true,&quot;335551550&quot;:6,&quot;335551620&quot;:6,&quot;335557856&quot;:16777215}\">\u00a0<\/span><\/b><\/p><table><tbody><tr><td width=\"406\">\u00a0<\/td><\/tr><tr><td width=\"406\"><p>Adriana Justin Cerveira Kampff (PUC-RS)<\/p><\/td><\/tr><tr><td width=\"406\"><p>Alberto Rocha (ISCE, Portugal)<\/p><\/td><\/tr><tr><td width=\"406\"><p>Ana B\u00e1rtolo (Universidade Portucalense)<\/p><\/td><\/tr><tr><td width=\"406\"><p>Ana Cecilia Bisso Nunes (PUC-RS)<\/p><\/td><\/tr><tr><td width=\"406\"><p>Anabela Sousa Pereira (Universidade de \u00c9vora)<\/p><\/td><\/tr><tr><td width=\"406\"><p>Andrea Nunes (Universidade Tiradentes)<\/p><\/td><\/tr><tr><td width=\"406\"><p>Ant\u00f3nio Eduardo Martins (Universidade Aberta)<\/p><\/td><\/tr><tr><td width=\"406\"><p>Ant\u00f3nio Lencastre Godinho (ISLA)<\/p><\/td><\/tr><tr><td width=\"406\"><p>Ant\u00f4nio Oscar Santos Go\u00e9s (UESC)<\/p><\/td><\/tr><tr><td width=\"406\"><p>Antonio Vico Ma\u00f1as (PUC-SP)<\/p><\/td><\/tr><tr><td width=\"406\"><p>Carla Santos (ISLA)<\/p><\/td><\/tr><tr><td width=\"406\"><p>Carlos Melo Brito (Universidade do Porto)<\/p><\/td><\/tr><tr><td width=\"406\"><p>Carlos Miguel Oliveira (ISLA)<\/p><\/td><\/tr><tr><td width=\"406\"><p>Carlos Rafael Branco (Universidade Aberta)<\/p><\/td><\/tr><tr><td width=\"406\"><p>Cleide Ane Barbosa (Faculdade Est\u00e1cio de S\u00e1, Sergipe)<\/p><\/td><\/tr><tr><td width=\"406\"><p>Cristiana Lucas Silva (Universidade Aberta)<\/p><\/td><\/tr><tr><td width=\"406\"><p>Cristiane Tavares Fonseca de Moraes Nunes (SENAC\/Sergipe)<\/p><\/td><\/tr><tr><td width=\"406\"><p>Denizar Alberto da Silva Melo (PUC-RS)<\/p><\/td><\/tr><tr><td width=\"406\"><p>Domingos Caeiro (Universidade Aberta)<\/p><\/td><\/tr><tr><td width=\"406\"><p>Eduardo Vilas Boas (Faculdade SEBRAE S\u00e3o Paulo)<\/p><\/td><\/tr><tr><td width=\"406\"><p>Eliane Schlemmer (Unisinos)<\/p><\/td><\/tr><tr><td width=\"406\"><p>Elisabeth Brito (Universidade de Aveiro)<\/p><\/td><\/tr><tr><td width=\"406\"><p>Elsa Vieira (Universidade Aberta)<\/p><\/td><\/tr><tr><td width=\"406\"><p>Elvira Rojas (Universidad de C\u00f3rdoba, Colombia)<\/p><\/td><\/tr><tr><td width=\"406\"><p>Filomena Ermida da Ponte (UCP Braga)<\/p><\/td><\/tr><tr><td width=\"406\"><p>Francisco Banha (GesEntrepreneur)<\/p><\/td><\/tr><tr><td width=\"406\"><p>Grazielle Tigre de Souza (UF Par\u00e1)<\/p><\/td><\/tr><tr><td width=\"406\"><p>Henrique Nou Schneider (Universidade Federal de Sergipe)<\/p><\/td><\/tr><tr><td width=\"406\"><p>Ilka Serra (Universidade Estadual do Maranh\u00e3o)<\/p><\/td><\/tr><tr><td width=\"406\"><p>Ionara Rech (PUC-RS)<\/p><\/td><\/tr><tr><td width=\"406\"><p>Joab Almeida (UFS)<\/p><\/td><\/tr><tr><td width=\"406\"><p>Joana Gomes Silva (ECOBAS &#8211; Universidade de Vigo)<\/p><\/td><\/tr><tr><td width=\"406\"><p>Jo\u00e3o Carvalho (Universidade Portucalense)<\/p><\/td><\/tr><tr><td width=\"406\"><p>Jo\u00e3o Lemos Baptista (CEG-UAb)<\/p><\/td><\/tr><tr><td width=\"406\"><p>Jo\u00e3o Relv\u00e3o Caetano (Universidade Aberta)<\/p><\/td><\/tr><tr><td width=\"406\"><p>Joaquim Gronita (Universidade Aberta)\u00a0<\/p><\/td><\/tr><tr><td width=\"406\"><p>Jorge Lu\u00eds Nicolas Audy (PUC-RS)<\/p><\/td><\/tr><tr><td width=\"406\"><p>Jos\u00e9 Ant\u00f3nio Moreira (Universidade Aberta)<\/p><\/td><\/tr><tr><td width=\"406\"><p>Jos\u00e9 Ant\u00f3nio Porf\u00edrio (Universidade Aberta)<\/p><\/td><\/tr><tr><td width=\"406\"><p>Jos\u00e9 Eduardo Franco (Universidade Aberta)<\/p><\/td><\/tr><tr><td width=\"406\"><p>Josefa S\u00f3nia Pereira da Fonseca (UESC)<\/p><\/td><\/tr><tr><td width=\"406\"><p>Katianny Gomes Santana Estival (Universidade Estadual de Santa Cruz)<\/p><\/td><\/tr><tr><td width=\"406\"><p>Let\u00edcia Vieira (Universidade Estadual de Santa Catarina)<\/p><\/td><\/tr><tr><td width=\"406\"><p>Lucas Bonacina Roldan (PUC-RS)<\/p><\/td><\/tr><tr><td width=\"406\"><p>Lucindo Quintans (UFS)<\/p><\/td><\/tr><tr><td width=\"406\"><p>Lu\u00eds Figueiredo Rodrigues (Universidade Cat\u00f3lica Portuguesa)<\/p><\/td><\/tr><tr><td width=\"406\"><p>Luiz Eduardo Oliveira (Universidade Federal de Sergipe)<\/p><\/td><\/tr><tr><td width=\"406\"><p>Manuela Pereira (Universidade Nova de Lisboa)<\/p><\/td><\/tr><tr><td width=\"406\"><p>Marc Jacquinet (Universidade Aberta)<\/p><\/td><\/tr><tr><td width=\"406\"><p>Marco Lamas (ISCAP-IPP)<\/p><\/td><\/tr><tr><td width=\"406\"><p>Maria Celeste Sousa Lopes (IEES)<\/p><\/td><\/tr><tr><td width=\"406\"><p>Maria Elisete Martins (ISLA)<\/p><\/td><\/tr><tr><td width=\"406\"><p>Maria Jos\u00e9 de Sousa (Instituto Superior T\u00e9cnico de Lisboa &#8211; ISCTE)<\/p><\/td><\/tr><tr><td width=\"406\"><p>Maria Josefina Vervloet Fontes (UESC)<\/p><\/td><\/tr><tr><td width=\"406\"><p>Maria Medeiros (UF Pernambuco)<\/p><\/td><\/tr><tr><td width=\"406\"><p>M\u00e1rio Negas (Universidade Aberta)<\/p><\/td><\/tr><tr><td width=\"406\"><p>Matheus Felizola (UFS)<\/p><\/td><\/tr><tr><td width=\"406\"><p>Naira Libermann (PUC-RS)<\/p><\/td><\/tr><tr><td width=\"406\"><p>Orlando Petiz Pereira (Univ do Minho)<\/p><\/td><\/tr><tr><td width=\"406\"><p>Patr\u00edcia Jardim Palma (UAb)<\/p><\/td><\/tr><tr><td width=\"406\"><p>Paula Campos (IPAM)<\/p><\/td><\/tr><tr><td width=\"406\"><p>Paula Carreira (Universidade Aberta)<\/p><\/td><\/tr><tr><td width=\"406\"><p>Pedro Vera Castilho (Universidad de Concepci\u00f3n, Chile)<\/p><\/td><\/tr><tr><td width=\"406\"><p>Rafael Pedrosa (ISEP)<\/p><\/td><\/tr><tr><td width=\"406\"><p>Raquel Pasternak Glitz Kowalski (PUCPR)<\/p><\/td><\/tr><tr><td width=\"406\"><p>Ricardo Nascimento Abreu (UFS)<\/p><\/td><\/tr><tr><td width=\"406\"><p>Ricardo S\u00e3o Jo\u00e3o (Instituto Polit\u00e9cnico de Santar\u00e9m)<\/p><\/td><\/tr><tr><td width=\"406\"><p>Rosa Maria da Silva Gomes (Universidade de Aveiro)<\/p><\/td><\/tr><tr><td width=\"406\"><p>Rose Mary Almeida Lopes (ANEGEPE)<\/p><\/td><\/tr><tr><td width=\"406\"><p>Rui Rego (Universidade Aberta)<\/p><\/td><\/tr><tr><td width=\"406\"><p>Sandro Miguel Teles Jorge (Universidade Aberta)<\/p><\/td><\/tr><tr><td width=\"406\"><p>Sara Monteiro (Universidade Aberta)<\/p><\/td><\/tr><tr><td width=\"406\"><p>Solange Corr\u00eaa (UESC)<\/p><\/td><\/tr><tr><td width=\"406\"><p>S\u00f3nia Alexandra Galinha (Instituto Polit\u00e9cnico de Santar\u00e9m)<\/p><\/td><\/tr><tr><td width=\"406\"><p>Susana Mourato Alves-Jesus (Universidade de Lisboa)<\/p><\/td><\/tr><tr><td width=\"406\"><p>Tatiana Somil\u00e0 (Ohio University)<\/p><\/td><\/tr><tr><td width=\"406\"><p>Tiago Carrilho Mendes (Universidade Aberta)<\/p><\/td><\/tr><tr><td width=\"406\"><p>V\u00edtor Manuel Vaz Silva (ISEL)<\/p><\/td><\/tr><tr><td width=\"406\"><p>Viviane Almeida dos Santos (UF Par\u00e1)<\/p><\/td><\/tr><tr><td width=\"406\"><p>Wagner Lemos (Universidade Estadual da Bahia)<\/p><\/td><\/tr><\/tbody><\/table>\t\t\t\t\t\t\t\t<\/div>\n\t\t\t\t<\/div>\n\t\t\t\t<\/div>\n\t\t<div class=\"elementor-element elementor-element-d65e219 e-con-full e-flex wpr-particle-no wpr-jarallax-no wpr-parallax-no wpr-sticky-section-no wpr-equal-height-no e-con e-child\" data-id=\"d65e219\" data-element_type=\"container\" data-e-type=\"container\">\n\t\t\t\t<\/div>\n\t\t\t\t\t<\/div>\n\t\t\t\t<\/div>\n\t\t\t\t<\/div>\n\t\t","protected":false},"excerpt":{"rendered":"<p>COMISS\u00c3O CIENT\u00cdFICA Presidente da Comiss\u00e3o Cient\u00edfica: Prof. Dr. Jacinto Jardim (Universidade Aberta)\u00a0 \u00a0 Adriana Justin Cerveira Kampff (PUC-RS) Alberto Rocha (ISCE, Portugal) Ana B\u00e1rtolo (Universidade Portucalense) Ana Cecilia Bisso Nunes (PUC-RS) Anabela Sousa Pereira (Universidade de \u00c9vora) Andrea Nunes (Universidade Tiradentes) Ant\u00f3nio Eduardo Martins (Universidade Aberta) Ant\u00f3nio Lencastre Godinho (ISLA) Ant\u00f4nio Oscar Santos Go\u00e9s (UESC) Antonio Vico Ma\u00f1as (PUC-SP) Carla Santos (ISLA) Carlos Melo Brito (Universidade do Porto) Carlos Miguel Oliveira (ISLA) Carlos Rafael Branco (Universidade Aberta) Cleide Ane Barbosa (Faculdade Est\u00e1cio de S\u00e1, Sergipe) Cristiana Lucas Silva (Universidade Aberta) Cristiane Tavares Fonseca de Moraes Nunes (SENAC\/Sergipe) Denizar Alberto da Silva Melo (PUC-RS) Domingos Caeiro (Universidade Aberta) Eduardo Vilas Boas (Faculdade SEBRAE S\u00e3o Paulo) Eliane Schlemmer (Unisinos) Elisabeth Brito (Universidade de Aveiro) Elsa Vieira (Universidade Aberta) Elvira Rojas (Universidad de C\u00f3rdoba, Colombia) Filomena Ermida da Ponte (UCP Braga) Francisco Banha (GesEntrepreneur) Grazielle Tigre de Souza (UF Par\u00e1) Henrique Nou Schneider (Universidade Federal de Sergipe) Ilka Serra (Universidade Estadual do Maranh\u00e3o) Ionara Rech (PUC-RS) Joab Almeida (UFS) Joana Gomes Silva (ECOBAS &#8211; Universidade de Vigo) Jo\u00e3o Carvalho (Universidade Portucalense) Jo\u00e3o Lemos Baptista (CEG-UAb) Jo\u00e3o Relv\u00e3o Caetano (Universidade Aberta) Joaquim Gronita (Universidade Aberta)\u00a0 Jorge Lu\u00eds Nicolas Audy (PUC-RS) Jos\u00e9 Ant\u00f3nio Moreira (Universidade Aberta) Jos\u00e9 Ant\u00f3nio Porf\u00edrio (Universidade Aberta) Jos\u00e9 Eduardo Franco (Universidade Aberta) Josefa S\u00f3nia Pereira da Fonseca (UESC) Katianny Gomes Santana Estival (Universidade Estadual de Santa Cruz) Let\u00edcia Vieira (Universidade Estadual de Santa Catarina) Lucas Bonacina Roldan (PUC-RS) Lucindo Quintans (UFS) Lu\u00eds Figueiredo Rodrigues (Universidade Cat\u00f3lica Portuguesa) Luiz Eduardo Oliveira (Universidade Federal de Sergipe) Manuela Pereira (Universidade Nova de Lisboa) Marc Jacquinet (Universidade Aberta) Marco Lamas (ISCAP-IPP) Maria Celeste Sousa Lopes (IEES) Maria Elisete Martins (ISLA) Maria Jos\u00e9 de Sousa (Instituto Superior T\u00e9cnico de Lisboa &#8211; ISCTE) Maria Josefina Vervloet Fontes (UESC) Maria Medeiros (UF Pernambuco) M\u00e1rio Negas (Universidade Aberta) Matheus Felizola (UFS) Naira Libermann (PUC-RS) Orlando Petiz Pereira (Univ do Minho) Patr\u00edcia Jardim Palma (UAb) Paula Campos (IPAM) Paula Carreira (Universidade Aberta) Pedro Vera Castilho (Universidad de Concepci\u00f3n, Chile) Rafael Pedrosa (ISEP) Raquel Pasternak Glitz Kowalski (PUCPR) Ricardo Nascimento Abreu (UFS) Ricardo S\u00e3o Jo\u00e3o (Instituto Polit\u00e9cnico de Santar\u00e9m) Rosa Maria da Silva Gomes (Universidade de Aveiro) Rose Mary Almeida Lopes (ANEGEPE) Rui Rego (Universidade Aberta) Sandro Miguel Teles Jorge (Universidade Aberta) Sara Monteiro (Universidade Aberta) Solange Corr\u00eaa (UESC) S\u00f3nia Alexandra Galinha (Instituto Polit\u00e9cnico de Santar\u00e9m) Susana Mourato Alves-Jesus (Universidade de Lisboa) Tatiana Somil\u00e0 (Ohio University) Tiago Carrilho Mendes (Universidade Aberta) V\u00edtor Manuel Vaz Silva (ISEL) Viviane Almeida dos Santos (UF Par\u00e1) Wagner Lemos (Universidade Estadual da Bahia)<\/p>\n","protected":false},"author":1,"featured_media":0,"parent":0,"menu_order":0,"comment_status":"closed","ping_status":"closed","template":"elementor_header_footer","meta":{"footnotes":""},"class_list":["post-133","page","type-page","status-publish","hentry"],"_links":{"self":[{"href":"https:\/\/educacaoempreendedora.com\/cieeci2025\/wp-json\/wp\/v2\/pages\/133","targetHints":{"allow":["GET"]}}],"collection":[{"href":"https:\/\/educacaoempreendedora.com\/cieeci2025\/wp-json\/wp\/v2\/pages"}],"about":[{"href":"https:\/\/educacaoempreendedora.com\/cieeci2025\/wp-json\/wp\/v2\/types\/page"}],"author":[{"embeddable":true,"href":"https:\/\/educacaoempreendedora.com\/cieeci2025\/wp-json\/wp\/v2\/users\/1"}],"replies":[{"embeddable":true,"href":"https:\/\/educacaoempreendedora.com\/cieeci2025\/wp-json\/wp\/v2\/comments?post=133"}],"version-history":[{"count":20,"href":"https:\/\/educacaoempreendedora.com\/cieeci2025\/wp-json\/wp\/v2\/pages\/133\/revisions"}],"predecessor-version":[{"id":3226,"href":"https:\/\/educacaoempreendedora.com\/cieeci2025\/wp-json\/wp\/v2\/pages\/133\/revisions\/3226"}],"wp:attachment":[{"href":"https:\/\/educacaoempreendedora.com\/cieeci2025\/wp-json\/wp\/v2\/media?parent=133"}],"curies":[{"name":"wp","href":"https:\/\/api.w.org\/{rel}","templated":true}]}}