{"id":131,"date":"2024-08-01T18:19:23","date_gmt":"2024-08-01T18:19:23","guid":{"rendered":"https:\/\/educacaoempreendedora.com\/cieeci2025\/?page_id=131"},"modified":"2024-08-01T18:19:23","modified_gmt":"2024-08-01T18:19:23","slug":"informacoes-gerais","status":"publish","type":"page","link":"https:\/\/educacaoempreendedora.com\/cieeci2025\/informacoes-gerais\/","title":{"rendered":"Informa\u00e7\u00f5es Gerais"},"content":{"rendered":"<h3><em><strong>DATAS IMPORTANTES<\/strong><\/em><\/h3>\n<p>Data limite do envio de resumo expandido (comunica\u00e7\u00e3o) das sess\u00f5es tem\u00e1ticas:\u00a0<b>20 de setembro 2023<\/b><\/p>\n<p>Data de devolu\u00e7\u00e3o, aos autores, para corre\u00e7\u00f5es (se necess\u00e1rio for): 26 de setembro de 2023<\/p>\n<p>Data final de entrega dos resumos expandidos para publica\u00e7\u00e3o nos Anais do Congresso: 20 de setembro de 2023<\/p>\n<h3><em><strong><br \/>\nSubmiss\u00e3o de Comunica\u00e7\u00f5es<\/strong><\/em><\/h3>\n<p>Normas para\u00a0<em>Submiss\u00e3o de\u00a0<\/em>Comunica\u00e7\u00f5es<\/p>\n<p><strong>1 .Oradores Convidados<\/strong><\/p>\n<p>Os oradores convidados para o CiEECi 2023, comprometem-se a enviar para a organiza\u00e7\u00e3o do Congresso texto referente a sua palestra\/painel\/mesas redondas at\u00e9 31 de agosto de 2023 a fim de ser publicado nos anais do Congresso.<\/p>\n<p><strong>2. Normas para a reda\u00e7\u00e3o das Comunica\u00e7\u00f5es<\/strong><\/p>\n<p>Para a reda\u00e7\u00e3o das comunica\u00e7\u00f5es dever\u00e3o seguir o modelo do\u00a0<em>template<\/em>\u00a0observando as normas da\u00a0<em>American Psychological Association<\/em>\u00a0(APA) (7\u00aa Edi\u00e7\u00e3o). As comunica\u00e7\u00f5es poder\u00e3o ser redigidas em portugu\u00eas, ou espanhol. Dever\u00e3o ser enviados em arquivo do tipo Word, sem restri\u00e7\u00e3o de seguran\u00e7a. Tamanho do papel: A4 (29,7 x 21 cm). Orienta\u00e7\u00e3o: retrato. Margens: superior 3 cm, inferior 2 cm, esquerda 3 cm, direita 2 cm. Fonte Arial 12 (T\u00edtulo e Texto). Espa\u00e7amento entre linhas 1,5.<\/p>\n<p><strong>3. Entrega dos artigos<\/strong><\/p>\n<p>Os congressistas devem encaminhar suas comunica\u00e7\u00f5es dentro da plataforma de inscri\u00e7\u00e3o na aba de submiss\u00e3o.<\/p>\n<p><strong>4. Template para resumo<\/strong><\/p>\n<p>As comunica\u00e7\u00f5es devem obrigatoriamente serem entregues no padr\u00e3o abaixo:<\/p>\n","protected":false},"excerpt":{"rendered":"<p>DATAS IMPORTANTES Data limite do envio de resumo expandido (comunica\u00e7\u00e3o) das sess\u00f5es tem\u00e1ticas:\u00a020 de setembro 2023 Data de devolu\u00e7\u00e3o, aos autores, para corre\u00e7\u00f5es (se necess\u00e1rio for): 26 de setembro de 2023 Data final de entrega dos resumos expandidos para publica\u00e7\u00e3o nos Anais do Congresso: 20 de setembro de 2023 Submiss\u00e3o de Comunica\u00e7\u00f5es Normas para\u00a0Submiss\u00e3o de\u00a0Comunica\u00e7\u00f5es 1 .Oradores Convidados Os oradores convidados para o CiEECi 2023, comprometem-se a enviar para a organiza\u00e7\u00e3o do Congresso texto referente a sua palestra\/painel\/mesas redondas at\u00e9 31 de agosto de 2023 a fim de ser publicado nos anais do Congresso. 2. Normas para a reda\u00e7\u00e3o das Comunica\u00e7\u00f5es Para a reda\u00e7\u00e3o das comunica\u00e7\u00f5es dever\u00e3o seguir o modelo do\u00a0template\u00a0observando as normas da\u00a0American Psychological Association\u00a0(APA) (7\u00aa Edi\u00e7\u00e3o). As comunica\u00e7\u00f5es poder\u00e3o ser redigidas em portugu\u00eas, ou espanhol. Dever\u00e3o ser enviados em arquivo do tipo Word, sem restri\u00e7\u00e3o de seguran\u00e7a. Tamanho do papel: A4 (29,7 x 21 cm). Orienta\u00e7\u00e3o: retrato. Margens: superior 3 cm, inferior 2 cm, esquerda 3 cm, direita 2 cm. Fonte Arial 12 (T\u00edtulo e Texto). Espa\u00e7amento entre linhas 1,5. 3. Entrega dos artigos Os congressistas devem encaminhar suas comunica\u00e7\u00f5es dentro da plataforma de inscri\u00e7\u00e3o na aba de submiss\u00e3o. 4. Template para resumo As comunica\u00e7\u00f5es devem obrigatoriamente serem entregues no padr\u00e3o abaixo:<\/p>\n","protected":false},"author":1,"featured_media":0,"parent":0,"menu_order":0,"comment_status":"closed","ping_status":"closed","template":"","meta":{"footnotes":""},"class_list":["post-131","page","type-page","status-publish","hentry"],"_links":{"self":[{"href":"https:\/\/educacaoempreendedora.com\/cieeci2025\/wp-json\/wp\/v2\/pages\/131","targetHints":{"allow":["GET"]}}],"collection":[{"href":"https:\/\/educacaoempreendedora.com\/cieeci2025\/wp-json\/wp\/v2\/pages"}],"about":[{"href":"https:\/\/educacaoempreendedora.com\/cieeci2025\/wp-json\/wp\/v2\/types\/page"}],"author":[{"embeddable":true,"href":"https:\/\/educacaoempreendedora.com\/cieeci2025\/wp-json\/wp\/v2\/users\/1"}],"replies":[{"embeddable":true,"href":"https:\/\/educacaoempreendedora.com\/cieeci2025\/wp-json\/wp\/v2\/comments?post=131"}],"version-history":[{"count":1,"href":"https:\/\/educacaoempreendedora.com\/cieeci2025\/wp-json\/wp\/v2\/pages\/131\/revisions"}],"predecessor-version":[{"id":132,"href":"https:\/\/educacaoempreendedora.com\/cieeci2025\/wp-json\/wp\/v2\/pages\/131\/revisions\/132"}],"wp:attachment":[{"href":"https:\/\/educacaoempreendedora.com\/cieeci2025\/wp-json\/wp\/v2\/media?parent=131"}],"curies":[{"name":"wp","href":"https:\/\/api.w.org\/{rel}","templated":true}]}}

Informações Gerais

<h3><em><strong>DATAS IMPORTANTES</strong></em></h3>
<p>Data limite do envio de resumo expandido (comunicação) das sessões temáticas: <b>20 de setembro 2023</b></p>
<p>Data de devolução, aos autores, para correções (se necessário for): 26 de setembro de 2023</p>
<p>Data final de entrega dos resumos expandidos para publicação nos Anais do Congresso: 20 de setembro de 2023</p>
<h3><em><strong><br />
Submissão de Comunicações</strong></em></h3>
<p>Normas para <em>Submissão de </em>Comunicações</p>
<p><strong>1 .Oradores Convidados</strong></p>
<p>Os oradores convidados para o CiEECi 2023, comprometem-se a enviar para a organização do Congresso texto referente a sua palestra/painel/mesas redondas até 31 de agosto de 2023 a fim de ser publicado nos anais do Congresso.</p>
<p><strong>2. Normas para a redação das Comunicações</strong></p>
<p>Para a redação das comunicações deverão seguir o modelo do <em>template</em> observando as normas da <em>American Psychological Association</em> (APA) (7ª Edição). As comunicações poderão ser redigidas em português, ou espanhol. Deverão ser enviados em arquivo do tipo Word, sem restrição de segurança. Tamanho do papel: A4 (29,7 x 21 cm). Orientação: retrato. Margens: superior 3 cm, inferior 2 cm, esquerda 3 cm, direita 2 cm. Fonte Arial 12 (Título e Texto). Espaçamento entre linhas 1,5.</p>
<p><strong>3. Entrega dos artigos</strong></p>
<p>Os congressistas devem encaminhar suas comunicações dentro da plataforma de inscrição na aba de submissão.</p>
<p><strong>4. Template para resumo</strong></p>
<p>As comunicações devem obrigatoriamente serem entregues no padrão abaixo:</p>

<p>DATAS IMPORTANTES Data limite do envio de resumo expandido (comunicação) das sessões temáticas: 20 de setembro 2023 Data de devolução, aos autores, para correções (se necessário for): 26 de setembro de 2023 Data final de entrega dos resumos expandidos para publicação nos Anais do Congresso: 20 de setembro de 2023 Submissão de Comunicações Normas para Submissão de Comunicações 1 .Oradores Convidados Os oradores convidados para o CiEECi 2023, comprometem-se a enviar para a organização do Congresso texto referente a sua palestra/painel/mesas redondas até 31 de agosto de 2023 a fim de ser publicado nos anais do Congresso. 2. Normas para a redação das Comunicações Para a redação das comunicações deverão seguir o modelo do template observando as normas da American Psychological Association (APA) (7ª Edição). As comunicações poderão ser redigidas em português, ou espanhol. Deverão ser enviados em arquivo do tipo Word, sem restrição de segurança. Tamanho do papel: A4 (29,7 x 21 cm). Orientação: retrato. Margens: superior 3 cm, inferior 2 cm, esquerda 3 cm, direita 2 cm. Fonte Arial 12 (Título e Texto). Espaçamento entre linhas 1,5. 3. Entrega dos artigos Os congressistas devem encaminhar suas comunicações dentro da plataforma de inscrição na aba de submissão. 4. Template para resumo As comunicações devem obrigatoriamente serem entregues no padrão abaixo:</p>
